git of 602620961?
9
What is the tens digit of 96020449?
4
What is the ten thousands digit of 2297848?
9
What is the hundred millions digit of 149450983?
1
What is the tens digit of 251544133?
3
What is the ten thousands digit of 61450218?
5
What is the ten thousands digit of 29777637?
7
What is the tens digit of 500513596?
9
What is the millions digit of 126334776?
6
What is the ten thousands digit of 1247874414?
7
What is the hundred millions digit of 2937850140?
9
What is the hundred millions digit of 196145833?
1
What is the units digit of 296550791?
1
What is the hundreds digit of 103748098?
0
What is the units digit of 66441979?
9
What is the units digit of 474635055?
5
What is the hundreds digit of 1075795029?
0
What is the hundreds digit of 54021804?
8
What is the hundred thousands digit of 58866517?
8
What is the ten millions digit of 4113331685?
1
What is the units digit of 173314917?
7
What is the millions digit of 12832993?
2
What is the millions digit of 1396187504?
6
What is the ten millions digit of 266954024?
6
What is the hundred thousands digit of 11139477?
1
What is the hundred millions digit of 105044239?
1
What is the ten thousands digit of 77691890?
9
What is the millions digit of 25466890?
5
What is the tens digit of 24113481?
8
What is the thousands digit of 58292241?
2
What is the thousands digit of 31260969?
0
What is the units digit of 37752019?
9
What is the tens digit of 17534826?
2
What is the millions digit of 351786359?
1
What is the thousands digit of 3594197141?
7
What is the tens digit of 542407464?
6
What is the millions digit of 3950311?
3
What is the ten millions digit of 113131674?
1
What is the units digit of 310779764?
4
What is the ten millions digit of 21378800?
2
What is the tens digit of 158460706?
0
What is the tens digit of 829361502?
0
What is the hundred thousands digit of 888724821?
7
What is the thousands digit of 99118100?
8
What is the hundred millions digit of 404941180?
4
What is the hundreds digit of 26689293?
2
What is the tens digit of 143331275?
7
What is the ten millions digit of 318021683?
1
What is the units digit of 183205650?
0
What is the ten thousands digit of 2610005722?
0
What is the ten millions digit of 172518854?
7
What is the hundreds digit of 736896823?
8
What is the ten thousands digit of 17806375?
0
What is the hundreds digit of 142075402?
4
What is the hundreds digit of 297875908?
9
What is the hundred thousands digit of 655903383?
9
What is the ten thousands digit of 1420681441?
8
What is the tens digit of 1607145574?
7
What is the units digit of 237182263?
3
What is the billions digit of 8882538289?
8
What is the thousands digit of 4732968720?
8
What is the millions digit of 1420240449?
0
What is the units digit of 131001004?
4
What is the hundreds digit of 377146262?
2
What is the ten thousands digit of 1210064327?
6
What is the billions digit of 2356865475?
2
What is the units digit of 2870201254?
4
What is the ten thousands digit of 856169789?
6
What is the hundreds digit of 18561358?
3
What is the millions digit of 147787374?
7
What is the millions digit of 3482667433?
2
What is the tens digit of 1582358796?
9
What is the ten millions digit of 112329955?
1
What is the hundreds digit of 17427895?
8
What is the millions digit of 140945905?
0
What is the thousands digit of 10431058?
1
What is the hundred thousands digit of 458275117?
2
What is the ten millions digit of 25188274?
2
What is the thousands digit of 2504231743?
1
What is the hundreds digit of 31350227?
2
What is the millions digit of 51446083?
1
What is the tens digit of 4655018283?
8
What is the hundred millions digit of 141591507?
1
What is the millions digit of 83439180?
3
What is the hundred millions digit of 1655489355?
6
What is the thousands digit of 172439719?
9
What is the tens digit of 297996847?
4
What is the hundred thousands digit of 9551642?
5
What is the thousands digit of 45663569?
3
What is the hundred thousands digit of 113036632?
0
What is the tens digit of 295993370?
7
What is the ten millions digit of 2296392718?
9
What is the millions digit of 1971826388?
1
What is the ten thousands digit of 413762080?
6
What is the ten millions digit of 38138404?
3
What is the hundred thousands digit of 4506382471?
3
What is the units digit of 547721207?
7
What is the units digit of 1159772?
2
What is the units digit of 1582369194?
4
What is the hundred millions digit of 358229446?
3
What is the thousands digit of 39197087?
7
What is the hundred thousands digit of 7013473?
0
What is the ten thousands digit of 25037881?
3
What is the units digit of 154641458?
8
What is the thousands digit of 2125758253?
8
What is the tens digit of 1451259761?
6
What is the ten millions digit of 112877380?
1
What is the hundreds digit of 47440661?
6
What is the units digit of 1104357677?
7
What is the ten thousands digit of 224101389?
0
What is the tens digit of 12636547?
4
What is the units digit of 221211865?
5
What is the thousands digit of 60870851?
0
What is the hundred thousands digit of 5486508933?
5
What is the thousands digit of 16268219?
8
What is the thousands digit of 1295805935?
5
What is the ten thousands digit of 16006297?
0
What is the ten thousands digit of 41309716?
0
What is the ten millions digit of 197548175?
9
What is the hundreds digit of 374979731?
7
What is the millions digit of 7427492?
7
What is the ten millions digit of 721063159?
2
What is the units digit of 228495977?
7
What is the hundred thousands digit of 829652915?
6
What is the tens digit of 57656969?
6
What is the units digit of 91240032?
2
What is the ten millions digit of 26304790?
2
What is the tens digit of 188176143?
4
What is the hundred thousands digit of 45858331?
8
What is the ten millions digit of 3389199919?
8
What is the ten millions digit of 474685235?
7
What is the thousands digit of 1142461870?
1
What is the thousands digit of 343781089?
1
What is the ten millions digit of 27285910?
2
What is the tens digit of 8064865?
6
What is the thousands digit of 5325018528?
8
What is the ten thousands digit of 15274584?
7
What is the billions digit of 1519709114?
1
What is the units digit of 1561856873?
3
What is the millions digit of 17915969?
7
What is the hundreds digit of 776983066?
0
What is the hundred thousands digit of 21214559?
2
What is the millions digit of 175130739?
5
What is the units digit of 2249121826?
6
What is the millions digit of 500595240?
0
What is the ten thousands digit of 77529039?
2
What is the ten thousands digit of 952534967?
3
What is the hundred thousands digit of 2545687433?
6
What is the units digit of 251308584?
4
What is the hundreds digit of 127003240?
2
What is the thousands digit of 2799821237?
1
What is the millions digit of 722387981?
2
What is the hundred millions digit of 140187241?
1
What is the ten thousands digit of 21845057?
4
What is the units digit of 3919589224?
4
What is the thousands digit of 2298431138?
1
What is the units digit of 67851926?
6
What is the ten millions digit of 142940961?
4
What is the hundred millions digit of 210962578?
2
What is the hundreds digit of 16668776?
7
What is the hundred thousands digit of 301131778?
1
What is the tens digit of 516290139?
3
What is the hundred thousands digit of 314468167?
4
What is the ten thousands digit of 117202180?
0
What is the units digit of 77905598?
8
What is the hundred millions digit of 301965196?
3
What is the units digit of 1270239854?
4
What is the ten millions digit of 2060541624?
6
What is the millions digit of 302893007?
2
What is the ten thousands digit of 501691865?
9
What is the ten millions digit of 2355546229?
5
What is the millions digit of 4625713466?
5
What is the ten millions digit of 88905993?
8
What is the hundred millions digit of 787372348?
7
What is the ten thousands digit of 67945092?
4
What is the millions digit of 91122778?
1
What is the thousands digit of 427292257?
2
What is the tens digit of 818891988?
8
What is the thousands digit of 72412933?
2
What is the millions digit of 39792050?
9
What is the units digit of 11846840?
0
What is the millions digit of 115173075?
5
What is the tens digit of 86999527?
2
What is the hundred thousands digit of 142639806?
6
What is the ten millions digit of 